{"id":16,"date":"2011-02-07T01:59:36","date_gmt":"2011-02-07T01:59:36","guid":{"rendered":"http:\/\/montera34.org\/arriola\/"},"modified":"2011-02-08T22:13:31","modified_gmt":"2011-02-08T22:13:31","slug":"exposicion-fuenlabrada-2006","status":"publish","type":"page","link":"https:\/\/montera34.org\/arriola\/exposicion-fuenlabrada-2006\/","title":{"rendered":"Exposici\u00f3n Fuenlabrada 2006"},"content":{"rendered":"<p><a href=\"https:\/\/montera34.org\/arriola\/files\/2011\/02\/panoramica_exterior_r.jpg\"><img loading=\"lazy\" decoding=\"async\" class=\"alignnone size-large wp-image-40\" title=\"panoramica_exterior_r\" src=\"https:\/\/montera34.org\/arriola\/files\/2011\/02\/panoramica_exterior_r-1024x374.jpg\" alt=\"\" width=\"950\" height=\"346\" srcset=\"https:\/\/montera34.org\/arriola\/files\/2011\/02\/panoramica_exterior_r-1024x374.jpg 1024w, https:\/\/montera34.org\/arriola\/files\/2011\/02\/panoramica_exterior_r-600x219.jpg 600w, https:\/\/montera34.org\/arriola\/files\/2011\/02\/panoramica_exterior_r-950x347.jpg 950w, https:\/\/montera34.org\/arriola\/files\/2011\/02\/panoramica_exterior_r.jpg 1542w\" sizes=\"auto, (max-width: 950px) 100vw, 950px\" \/><\/a><br \/>\n<strong>Exposici\u00f3n en el Centro de Artes Tom\u00e1s y Valiente<\/strong><br \/>\n9 de febrero &#8211; 1 de marzo de 2006<\/p>\n<p>Siguiendo el paso pausado que nos ofrece la secuencia de las fotos, se adivina sin duda, esa tenue luz que nunca dej\u00f3 de alumbrarme y de mantenerme en su temperatura, durante todos estos a\u00f1os de m\u00faltiples trabajos varios y un tanto dispersos. Al calor de ese p\u00e1bilo de luz fueron surgiendo, uno tras otro, trabajosamente unas veces y otras con fluidez, casi siempre escuchando y siguiendo en silencio y en sinceridad los flujos que los mismos materiales me iban sugiriendo. Nunca escog\u00ed materiales en activo, vivos y exultantes de vida, con ellos s\u00f3lo puedo congratularme de su gozosa existencia. Siempre me acerqu\u00e9 a los \u201cex\u2026\u201d,  a los \u201cexhombres de M. Gorki  y al piano de G.A. B\u00e9cquer, a la silla desvencijada del contenedor y a los restos de un mueble o de un inmueble. A lo que fue y quiere y espera volver a ser.<\/p>\n<p>Decimos: mientras hay vida,  hay esperanza. Creo que es m\u00e1s: la vida ( la de la m\u00ednima hormiga, la de la perola magullada que yace en el basurero, la de los descartados de la sociedad\u2026 ), la vida quiere vivir, y, si puede ser, un poco mejor. Obligaci\u00f3n de los humanos es el tratar de que sea as\u00ed para todo y para todos.<\/p>\n<p>Y as\u00ed pas\u00f3, as\u00ed fue un cuarto de siglo, entre realidades de la calle y del campo, entre sue\u00f1os y esperanzas, que ahora est\u00e1n aqu\u00ed.<\/p>\n<p><a href=\"https:\/\/montera34.org\/arriola\/files\/2011\/02\/panoramica_exterior.jpg\"><img loading=\"lazy\" decoding=\"async\" class=\"alignnone size-large wp-image-85\" title=\"panoramica_exterior\" src=\"https:\/\/montera34.org\/arriola\/files\/2011\/02\/panoramica_exterior-1024x140.jpg\" alt=\"\" width=\"950\" height=\"129\" srcset=\"https:\/\/montera34.org\/arriola\/files\/2011\/02\/panoramica_exterior-1024x140.jpg 1024w, https:\/\/montera34.org\/arriola\/files\/2011\/02\/panoramica_exterior-600x82.jpg 600w, https:\/\/montera34.org\/arriola\/files\/2011\/02\/panoramica_exterior-950x130.jpg 950w\" sizes=\"auto, (max-width: 950px) 100vw, 950px\" \/><\/a><\/p>\n","protected":false},"excerpt":{"rendered":"<p>Exposici\u00f3n en el Centro de Artes Tom\u00e1s y Valiente 9 de febrero &#8211; 1 de marzo de 2006 Siguiendo el paso pausado que nos ofrece la secuencia de las fotos, se adivina sin duda, esa tenue luz que nunca dej\u00f3 de alumbrarme y de mantenerme en su temperatura, durante todos estos a\u00f1os de m\u00faltiples trabajos [&hellip;]<\/p>\n","protected":false},"author":1,"featured_media":0,"parent":0,"menu_order":0,"comment_status":"open","ping_status":"closed","template":"","meta":{"footnotes":""},"class_list":["post-16","page","type-page","status-publish","hentry"],"_links":{"self":[{"href":"https:\/\/montera34.org\/arriola\/wp-json\/wp\/v2\/pages\/16","targetHints":{"allow":["GET"]}}],"collection":[{"href":"https:\/\/montera34.org\/arriola\/wp-json\/wp\/v2\/pages"}],"about":[{"href":"https:\/\/montera34.org\/arriola\/wp-json\/wp\/v2\/types\/page"}],"author":[{"embeddable":true,"href":"https:\/\/montera34.org\/arriola\/wp-json\/wp\/v2\/users\/1"}],"replies":[{"embeddable":true,"href":"https:\/\/montera34.org\/arriola\/wp-json\/wp\/v2\/comments?post=16"}],"version-history":[{"count":6,"href":"https:\/\/montera34.org\/arriola\/wp-json\/wp\/v2\/pages\/16\/revisions"}],"predecessor-version":[{"id":39,"href":"https:\/\/montera34.org\/arriola\/wp-json\/wp\/v2\/pages\/16\/revisions\/39"}],"wp:attachment":[{"href":"https:\/\/montera34.org\/arriola\/wp-json\/wp\/v2\/media?parent=16"}],"curies":[{"name":"wp","href":"https:\/\/api.w.org\/{rel}","templated":true}]}}